{"id":42,"date":"2025-12-18T22:07:51","date_gmt":"2025-12-18T22:07:51","guid":{"rendered":"https:\/\/feconeste.com.br\/site\/?page_id=42"},"modified":"2025-12-18T22:07:51","modified_gmt":"2025-12-18T22:07:51","slug":"qualicorp","status":"publish","type":"page","link":"https:\/\/feconeste.com.br\/site\/qualicorp\/","title":{"rendered":"Qualicorp"},"content":{"rendered":"\n<p>Com a Quali, comerci\u00e1rio filiado \u00e0 FECONESTE tem toda a qualidade e tradi\u00e7\u00e3o da blue e a tranquilidade de uma rede m\u00e9dica de excel\u00eancia. Aproveite as condi\u00e7\u00f5es e os pre\u00e7os especiais!<\/p>\n\n\n\n<figure class=\"wp-block-image size-large\"><img loading=\"lazy\" decoding=\"async\" width=\"819\" height=\"1024\" src=\"https:\/\/feconeste.com.br\/site\/wp-content\/uploads\/2025\/12\/045_AQ_FECONESTE_FEED_03-819x1024.png\" alt=\"\" class=\"wp-image-43\" srcset=\"https:\/\/feconeste.com.br\/site\/wp-content\/uploads\/2025\/12\/045_AQ_FECONESTE_FEED_03-819x1024.png 819w, https:\/\/feconeste.com.br\/site\/wp-content\/uploads\/2025\/12\/045_AQ_FECONESTE_FEED_03-240x300.png 240w, https:\/\/feconeste.com.br\/site\/wp-content\/uploads\/2025\/12\/045_AQ_FECONESTE_FEED_03-768x960.png 768w, https:\/\/feconeste.com.br\/site\/wp-content\/uploads\/2025\/12\/045_AQ_FECONESTE_FEED_03.png 1080w\" sizes=\"auto, (max-width: 819px) 100vw, 819px\" \/><\/figure>\n\n\n\n<div class=\"wp-block-buttons is-layout-flex wp-block-buttons-is-layout-flex\">\n<div class=\"wp-block-button\"><a class=\"wp-block-button__link wp-element-button\">Fa\u00e7a sua simula\u00e7\u00e3o aqui<\/a><\/div>\n<\/div>\n\n\n\n<p>Ligue agora: (81) 3797-2233<\/p>\n","protected":false},"excerpt":{"rendered":"<p>Com a Quali, comerci\u00e1rio filiado \u00e0 FECONESTE tem toda a qualidade e tradi\u00e7\u00e3o da blue e a tranquilidade de uma rede m\u00e9dica de excel\u00eancia. Aproveite as condi\u00e7\u00f5es e os pre\u00e7os especiais! Ligue agora: (81) 3797-2233<\/p>\n","protected":false},"author":1,"featured_media":0,"parent":0,"menu_order":0,"comment_status":"closed","ping_status":"closed","template":"","meta":{"footnotes":""},"class_list":["post-42","page","type-page","status-publish","hentry"],"_links":{"self":[{"href":"https:\/\/feconeste.com.br\/site\/wp-json\/wp\/v2\/pages\/42","targetHints":{"allow":["GET"]}}],"collection":[{"href":"https:\/\/feconeste.com.br\/site\/wp-json\/wp\/v2\/pages"}],"about":[{"href":"https:\/\/feconeste.com.br\/site\/wp-json\/wp\/v2\/types\/page"}],"author":[{"embeddable":true,"href":"https:\/\/feconeste.com.br\/site\/wp-json\/wp\/v2\/users\/1"}],"replies":[{"embeddable":true,"href":"https:\/\/feconeste.com.br\/site\/wp-json\/wp\/v2\/comments?post=42"}],"version-history":[{"count":1,"href":"https:\/\/feconeste.com.br\/site\/wp-json\/wp\/v2\/pages\/42\/revisions"}],"predecessor-version":[{"id":44,"href":"https:\/\/feconeste.com.br\/site\/wp-json\/wp\/v2\/pages\/42\/revisions\/44"}],"wp:attachment":[{"href":"https:\/\/feconeste.com.br\/site\/wp-json\/wp\/v2\/media?parent=42"}],"curies":[{"name":"wp","href":"https:\/\/api.w.org\/{rel}","templated":true}]}}